{"id":306,"date":"2026-01-15T13:06:05","date_gmt":"2026-01-15T13:06:05","guid":{"rendered":"https:\/\/boso.estaciondiseno.es\/?page_id=306"},"modified":"2026-01-26T08:08:56","modified_gmt":"2026-01-26T08:08:56","slug":"sobre-mi","status":"publish","type":"page","link":"https:\/\/boso.estaciondiseno.es\/index.php\/sobre-mi\/","title":{"rendered":"SOBRE MI"},"content":{"rendered":"\t\t<div data-elementor-type=\"wp-page\" data-elementor-id=\"306\" class=\"elementor elementor-306\" data-elementor-post-type=\"page\">\n\t\t\t\t\t\t<section class=\"elementor-section elementor-top-section elementor-element elementor-element-c87592d elementor-section-boxed elementor-section-height-default elementor-section-height-default\" data-id=\"c87592d\" data-element_type=\"section\">\n\t\t\t\t\t\t<div class=\"elementor-container elementor-column-gap-default\">\n\t\t\t\t\t<div class=\"elementor-column elementor-col-50 elementor-top-column elementor-element elementor-element-1ac2085\" data-id=\"1ac2085\" data-element_type=\"column\">\n\t\t\t<div class=\"elementor-widget-wrap elementor-element-populated\">\n\t\t\t\t\t\t<div class=\"elementor-element elementor-element-7d0e289 elementor--h-position-center elementor--v-position-middle elementor-arrows-position-inside elementor-pagination-position-inside elementor-widget elementor-widget-slides\" data-id=\"7d0e289\" data-element_type=\"widget\" data-settings=\"{&quot;transition&quot;:&quot;fade&quot;,&quot;navigation&quot;:&quot;both&quot;,&quot;autoplay&quot;:&quot;yes&quot;,&quot;pause_on_hover&quot;:&quot;yes&quot;,&quot;pause_on_interaction&quot;:&quot;yes&quot;,&quot;autoplay_speed&quot;:5000,&quot;infinite&quot;:&quot;yes&quot;,&quot;transition_speed&quot;:500}\" data-widget_type=\"slides.default\">\n\t\t\t\t<div class=\"elementor-widget-container\">\n\t\t\t\t\t\t\t\t\t<div class=\"elementor-swiper\">\n\t\t\t\t\t<div class=\"elementor-slides-wrapper elementor-main-swiper swiper\" role=\"region\" aria-roledescription=\"carousel\" aria-label=\"Slides\" dir=\"ltr\" data-animation=\"fadeInUp\">\n\t\t\t\t<div class=\"swiper-wrapper elementor-slides\">\n\t\t\t\t\t\t\t\t\t\t<div class=\"elementor-repeater-item-6fc99b9 swiper-slide\" role=\"group\" aria-roledescription=\"slide\"><div class=\"swiper-slide-bg\" role=\"img\"><\/div><div class=\"swiper-slide-inner\" ><div class=\"swiper-slide-contents\"><\/div><\/div><\/div><div class=\"elementor-repeater-item-3536857 swiper-slide\" role=\"group\" aria-roledescription=\"slide\"><div class=\"swiper-slide-bg\" role=\"img\"><\/div><div class=\"swiper-slide-inner\" ><div class=\"swiper-slide-contents\"><\/div><\/div><\/div><div class=\"elementor-repeater-item-043c467 swiper-slide\" role=\"group\" aria-roledescription=\"slide\"><div class=\"swiper-slide-bg\" role=\"img\"><\/div><div class=\"swiper-slide-inner\" ><div class=\"swiper-slide-contents\"><\/div><\/div><\/div>\t\t\t\t<\/div>\n\t\t\t\t\t\t\t\t\t\t\t\t\t\t\t<div class=\"elementor-swiper-button elementor-swiper-button-prev\" role=\"button\" tabindex=\"0\" aria-label=\"Previous slide\">\n\t\t\t\t\t\t\t<i aria-hidden=\"true\" class=\"eicon-chevron-left\"><\/i>\t\t\t\t\t\t<\/div>\n\t\t\t\t\t\t<div class=\"elementor-swiper-button elementor-swiper-button-next\" role=\"button\" tabindex=\"0\" aria-label=\"Next slide\">\n\t\t\t\t\t\t\t<i aria-hidden=\"true\" class=\"eicon-chevron-right\"><\/i>\t\t\t\t\t\t<\/div>\n\t\t\t\t\t\t\t\t\t\t\t\t\t\t\t\t<div class=\"swiper-pagination\"><\/div>\n\t\t\t\t\t\t\t\t\t\t\t\t<\/div>\n\t\t\t\t<\/div>\n\t\t\t\t\t\t\t\t<\/div>\n\t\t\t\t<\/div>\n\t\t\t\t\t<\/div>\n\t\t<\/div>\n\t\t\t\t<div class=\"elementor-column elementor-col-50 elementor-top-column elementor-element elementor-element-1f413b7\" data-id=\"1f413b7\" data-element_type=\"column\">\n\t\t\t<div class=\"elementor-widget-wrap elementor-element-populated\">\n\t\t\t\t\t\t<div class=\"elementor-element elementor-element-10613e2 elementor-widget elementor-widget-text-editor\" data-id=\"10613e2\" data-element_type=\"widget\" data-widget_type=\"text-editor.default\">\n\t\t\t\t<div class=\"elementor-widget-container\">\n\t\t\t\t\t\t\t\t\t<p>Soy Antonio Mart\u00ednez Fontanillo, tengo 28 a\u00f1os y soy dise\u00f1ador de moda emergente con una visi\u00f3n experimental y conceptual. Mi trabajo se centra en explorar nuevas formas, vol\u00famenes y narrativas visuales que cuestionan lo convencional. Busco un equilibrio entre lo art\u00edstico y lo funcional, creando piezas que transmiten fuerza e identidad propia.<\/p><p>\u00a0<\/p><p>Mi inter\u00e9s en el sector de la moda se remonta a mi infancia. Mi formaci\u00f3n formal comenz\u00f3 durante la pandemia, cursando un ciclo superior de dos a\u00f1os en Patronaje y Moda.Actualmente, estoy ampliando mi base de conocimientos y habilidades en la carrera de Dise\u00f1o de Moda, consolidando as\u00ed mi trayectoria profesional.\u00a0<\/p><p>\u00a0<\/p><p>Actualmente me interesa crecer dentro de un entorno profesional donde pueda aportar creatividad, absorber conocimiento t\u00e9cnico y desarrollar mi capacidad de transformar ideas en moda tangible.<\/p><div>\u00a0<\/div>\t\t\t\t\t\t\t\t<\/div>\n\t\t\t\t<\/div>\n\t\t\t\t\t<\/div>\n\t\t<\/div>\n\t\t\t\t\t<\/div>\n\t\t<\/section>\n\t\t\t\t<section class=\"elementor-section elementor-top-section elementor-element elementor-element-1ab69f1 elementor-section-boxed elementor-section-height-default elementor-section-height-default\" data-id=\"1ab69f1\" data-element_type=\"section\">\n\t\t\t\t\t\t<div class=\"elementor-container elementor-column-gap-default\">\n\t\t\t\t\t<div class=\"elementor-column elementor-col-100 elementor-top-column elementor-element elementor-element-3427cf3\" data-id=\"3427cf3\" data-element_type=\"column\">\n\t\t\t<div class=\"elementor-widget-wrap elementor-element-populated\">\n\t\t\t\t\t\t<div class=\"elementor-element elementor-element-4b654b7 elementor-widget elementor-widget-html\" data-id=\"4b654b7\" data-element_type=\"widget\" data-widget_type=\"html.default\">\n\t\t\t\t<div class=\"elementor-widget-container\">\n\t\t\t\t\t<style>\r\n  body {\r\n    cursor: none;\r\n  }\r\n\r\n  #fire-cursor-canvas {\r\n    position: fixed;\r\n    top: 0;\r\n    left: 0;\r\n    pointer-events: none;\r\n    z-index: 9999;\r\n  }\r\n<\/style>\r\n\r\n<canvas id=\"fire-cursor-canvas\"><\/canvas>\r\n\r\n<script>\r\n  const canvas = document.getElementById('fire-cursor-canvas');\r\n  const ctx = canvas.getContext('2d');\r\n\r\n  function resize() {\r\n    canvas.width = window.innerWidth;\r\n    canvas.height = window.innerHeight;\r\n  }\r\n  resize();\r\n  window.addEventListener('resize', resize);\r\n\r\n  class Particle {\r\n    constructor(x, y) {\r\n      this.x = x;\r\n      this.y = y;\r\n\r\n      \/\/ \ud83d\udd34 PART\u00cdCULAS M\u00c1S GRANDES\r\n      this.size = Math.random() * 10 + 8; \/\/ antes ~4\u201310, ahora ~8\u201318\r\n\r\n      this.speedX = (Math.random() - 0.5) * 1.2;\r\n      this.speedY = Math.random() * -2.2 - 1;\r\n      this.life = 70;\r\n\r\n      \/\/ \ud83d\udd34 ROJO OSCURO\r\n      const red = Math.floor(Math.random() * 120 + 120);\r\n      const dark = Math.floor(Math.random() * 30);\r\n      this.color = `rgba(${red}, ${dark}, ${dark}, ${Math.random()})`;\r\n    }\r\n\r\n    update() {\r\n      this.x += this.speedX;\r\n      this.y += this.speedY;\r\n      this.life--;\r\n      this.size *= 0.96; \/\/ se apagan un poco m\u00e1s lento\r\n    }\r\n\r\n    draw() {\r\n      const gradient = ctx.createRadialGradient(\r\n        this.x, this.y, 0,\r\n        this.x, this.y, this.size\r\n      );\r\n      gradient.addColorStop(0, 'rgba(255,160,160,0.8)');\r\n      gradient.addColorStop(0.4, this.color);\r\n      gradient.addColorStop(1, 'rgba(0,0,0,0)');\r\n      ctx.fillStyle = gradient;\r\n      ctx.beginPath();\r\n      ctx.arc(this.x, this.y, this.size, 0, Math.PI * 2);\r\n      ctx.fill();\r\n    }\r\n  }\r\n\r\n  const particles = [];\r\n  let mouseX = window.innerWidth \/ 2;\r\n  let mouseY = window.innerHeight \/ 2;\r\n\r\n  window.addEventListener('mousemove', e => {\r\n    mouseX = e.clientX;\r\n    mouseY = e.clientY;\r\n\r\n    \/\/ \ud83d\udd25 M\u00e1s presencia visual\r\n    for (let i = 0; i < 4; i++) {\r\n      particles.push(new Particle(mouseX, mouseY));\r\n    }\r\n  });\r\n\r\n  function animate() {\r\n    ctx.clearRect(0, 0, canvas.width, canvas.height);\r\n\r\n    for (let i = particles.length - 1; i >= 0; i--) {\r\n      particles[i].update();\r\n      particles[i].draw();\r\n      if (particles[i].life <= 0 || particles[i].size < 0.5) {\r\n        particles.splice(i, 1);\r\n      }\r\n    }\r\n\r\n    requestAnimationFrame(animate);\r\n  }\r\n\r\n  animate();\r\n<\/script>\r\n\t\t\t\t<\/div>\n\t\t\t\t<\/div>\n\t\t\t\t\t<\/div>\n\t\t<\/div>\n\t\t\t\t\t<\/div>\n\t\t<\/section>\n\t\t\t\t<\/div>\n\t\t","protected":false},"excerpt":{"rendered":"<p>Soy Antonio Mart\u00ednez Fontanillo, tengo 28 a\u00f1os y soy dise\u00f1ador de moda emergente con una visi\u00f3n experimental y conceptual. Mi trabajo se centra en explorar nuevas formas, vol\u00famenes y narrativas visuales que cuestionan lo convencional. Busco un equilibrio entre lo art\u00edstico y lo funcional, creando piezas que transmiten fuerza e identidad propia. \u00a0 Mi inter\u00e9s &hellip; <\/p>\n<p class=\"link-more\"><a href=\"https:\/\/boso.estaciondiseno.es\/index.php\/sobre-mi\/\" class=\"more-link\">Leer m\u00e1s<span class=\"screen-reader-text\"> \u00abSOBRE MI\u00bb<\/span><\/a><\/p>\n","protected":false},"author":1,"featured_media":0,"parent":0,"menu_order":0,"comment_status":"closed","ping_status":"closed","template":"","meta":{"footnotes":""},"class_list":["post-306","page","type-page","status-publish","hentry"],"yoast_head":"<!-- This site is optimized with the Yoast SEO Premium plugin v20.12 (Yoast SEO v20.12) - https:\/\/yoast.com\/wordpress\/plugins\/seo\/ -->\n<title>SOBRE MI - Mi tienda<\/title>\n<meta name=\"robots\" content=\"index, follow, max-snippet:-1, max-image-preview:large, max-video-preview:-1\" \/>\n<link rel=\"canonical\" href=\"https:\/\/boso.estaciondiseno.es\/index.php\/sobre-mi\/\" \/>\n<meta property=\"og:locale\" content=\"es_ES\" \/>\n<meta property=\"og:type\" content=\"article\" \/>\n<meta property=\"og:title\" content=\"SOBRE MI\" \/>\n<meta property=\"og:description\" content=\"Soy Antonio Mart\u00ednez Fontanillo, tengo 28 a\u00f1os y soy dise\u00f1ador de moda emergente con una visi\u00f3n experimental y conceptual. Mi trabajo se centra en explorar nuevas formas, vol\u00famenes y narrativas visuales que cuestionan lo convencional. Busco un equilibrio entre lo art\u00edstico y lo funcional, creando piezas que transmiten fuerza e identidad propia. \u00a0 Mi inter\u00e9s &hellip; Leer m\u00e1s \u00abSOBRE MI\u00bb\" \/>\n<meta property=\"og:url\" content=\"https:\/\/boso.estaciondiseno.es\/index.php\/sobre-mi\/\" \/>\n<meta property=\"og:site_name\" content=\"Mi tienda\" \/>\n<meta property=\"article:modified_time\" content=\"2026-01-26T08:08:56+00:00\" \/>\n<meta name=\"twitter:card\" content=\"summary_large_image\" \/>\n<meta name=\"twitter:label1\" content=\"Tiempo de lectura\" \/>\n\t<meta name=\"twitter:data1\" content=\"1 minuto\" \/>\n<script type=\"application\/ld+json\" class=\"yoast-schema-graph\">{\"@context\":\"https:\/\/schema.org\",\"@graph\":[{\"@type\":\"WebPage\",\"@id\":\"https:\/\/boso.estaciondiseno.es\/index.php\/sobre-mi\/\",\"url\":\"https:\/\/boso.estaciondiseno.es\/index.php\/sobre-mi\/\",\"name\":\"SOBRE MI - Mi tienda\",\"isPartOf\":{\"@id\":\"https:\/\/boso.estaciondiseno.es\/#website\"},\"datePublished\":\"2026-01-15T13:06:05+00:00\",\"dateModified\":\"2026-01-26T08:08:56+00:00\",\"breadcrumb\":{\"@id\":\"https:\/\/boso.estaciondiseno.es\/index.php\/sobre-mi\/#breadcrumb\"},\"inLanguage\":\"es\",\"potentialAction\":[{\"@type\":\"ReadAction\",\"target\":[\"https:\/\/boso.estaciondiseno.es\/index.php\/sobre-mi\/\"]}]},{\"@type\":\"BreadcrumbList\",\"@id\":\"https:\/\/boso.estaciondiseno.es\/index.php\/sobre-mi\/#breadcrumb\",\"itemListElement\":[{\"@type\":\"ListItem\",\"position\":1,\"name\":\"Home\",\"item\":\"https:\/\/boso.estaciondiseno.es\/\"},{\"@type\":\"ListItem\",\"position\":2,\"name\":\"SOBRE MI\"}]},{\"@type\":\"WebSite\",\"@id\":\"https:\/\/boso.estaciondiseno.es\/#website\",\"url\":\"https:\/\/boso.estaciondiseno.es\/\",\"name\":\"Mi tienda\",\"description\":\"\",\"publisher\":{\"@id\":\"https:\/\/boso.estaciondiseno.es\/#organization\"},\"potentialAction\":[{\"@type\":\"SearchAction\",\"target\":{\"@type\":\"EntryPoint\",\"urlTemplate\":\"https:\/\/boso.estaciondiseno.es\/?s={search_term_string}\"},\"query-input\":\"required name=search_term_string\"}],\"inLanguage\":\"es\"},{\"@type\":\"Organization\",\"@id\":\"https:\/\/boso.estaciondiseno.es\/#organization\",\"name\":\"Mi tienda\",\"url\":\"https:\/\/boso.estaciondiseno.es\/\",\"logo\":{\"@type\":\"ImageObject\",\"inLanguage\":\"es\",\"@id\":\"https:\/\/boso.estaciondiseno.es\/#\/schema\/logo\/image\/\",\"url\":\"https:\/\/boso.estaciondiseno.es\/wp-content\/uploads\/2025\/10\/Sin-titulo-1.png\",\"contentUrl\":\"https:\/\/boso.estaciondiseno.es\/wp-content\/uploads\/2025\/10\/Sin-titulo-1.png\",\"width\":579,\"height\":123,\"caption\":\"Mi tienda\"},\"image\":{\"@id\":\"https:\/\/boso.estaciondiseno.es\/#\/schema\/logo\/image\/\"}}]}<\/script>\n<!-- \/ Yoast SEO Premium plugin. -->","yoast_head_json":{"title":"SOBRE MI - Mi tienda","robots":{"index":"index","follow":"follow","max-snippet":"max-snippet:-1","max-image-preview":"max-image-preview:large","max-video-preview":"max-video-preview:-1"},"canonical":"https:\/\/boso.estaciondiseno.es\/index.php\/sobre-mi\/","og_locale":"es_ES","og_type":"article","og_title":"SOBRE MI","og_description":"Soy Antonio Mart\u00ednez Fontanillo, tengo 28 a\u00f1os y soy dise\u00f1ador de moda emergente con una visi\u00f3n experimental y conceptual. Mi trabajo se centra en explorar nuevas formas, vol\u00famenes y narrativas visuales que cuestionan lo convencional. Busco un equilibrio entre lo art\u00edstico y lo funcional, creando piezas que transmiten fuerza e identidad propia. \u00a0 Mi inter\u00e9s &hellip; Leer m\u00e1s \u00abSOBRE MI\u00bb","og_url":"https:\/\/boso.estaciondiseno.es\/index.php\/sobre-mi\/","og_site_name":"Mi tienda","article_modified_time":"2026-01-26T08:08:56+00:00","twitter_card":"summary_large_image","twitter_misc":{"Tiempo de lectura":"1 minuto"},"schema":{"@context":"https:\/\/schema.org","@graph":[{"@type":"WebPage","@id":"https:\/\/boso.estaciondiseno.es\/index.php\/sobre-mi\/","url":"https:\/\/boso.estaciondiseno.es\/index.php\/sobre-mi\/","name":"SOBRE MI - Mi tienda","isPartOf":{"@id":"https:\/\/boso.estaciondiseno.es\/#website"},"datePublished":"2026-01-15T13:06:05+00:00","dateModified":"2026-01-26T08:08:56+00:00","breadcrumb":{"@id":"https:\/\/boso.estaciondiseno.es\/index.php\/sobre-mi\/#breadcrumb"},"inLanguage":"es","potentialAction":[{"@type":"ReadAction","target":["https:\/\/boso.estaciondiseno.es\/index.php\/sobre-mi\/"]}]},{"@type":"BreadcrumbList","@id":"https:\/\/boso.estaciondiseno.es\/index.php\/sobre-mi\/#breadcrumb","itemListElement":[{"@type":"ListItem","position":1,"name":"Home","item":"https:\/\/boso.estaciondiseno.es\/"},{"@type":"ListItem","position":2,"name":"SOBRE MI"}]},{"@type":"WebSite","@id":"https:\/\/boso.estaciondiseno.es\/#website","url":"https:\/\/boso.estaciondiseno.es\/","name":"Mi tienda","description":"","publisher":{"@id":"https:\/\/boso.estaciondiseno.es\/#organization"},"potentialAction":[{"@type":"SearchAction","target":{"@type":"EntryPoint","urlTemplate":"https:\/\/boso.estaciondiseno.es\/?s={search_term_string}"},"query-input":"required name=search_term_string"}],"inLanguage":"es"},{"@type":"Organization","@id":"https:\/\/boso.estaciondiseno.es\/#organization","name":"Mi tienda","url":"https:\/\/boso.estaciondiseno.es\/","logo":{"@type":"ImageObject","inLanguage":"es","@id":"https:\/\/boso.estaciondiseno.es\/#\/schema\/logo\/image\/","url":"https:\/\/boso.estaciondiseno.es\/wp-content\/uploads\/2025\/10\/Sin-titulo-1.png","contentUrl":"https:\/\/boso.estaciondiseno.es\/wp-content\/uploads\/2025\/10\/Sin-titulo-1.png","width":579,"height":123,"caption":"Mi tienda"},"image":{"@id":"https:\/\/boso.estaciondiseno.es\/#\/schema\/logo\/image\/"}}]}},"_links":{"self":[{"href":"https:\/\/boso.estaciondiseno.es\/index.php\/wp-json\/wp\/v2\/pages\/306","targetHints":{"allow":["GET"]}}],"collection":[{"href":"https:\/\/boso.estaciondiseno.es\/index.php\/wp-json\/wp\/v2\/pages"}],"about":[{"href":"https:\/\/boso.estaciondiseno.es\/index.php\/wp-json\/wp\/v2\/types\/page"}],"author":[{"embeddable":true,"href":"https:\/\/boso.estaciondiseno.es\/index.php\/wp-json\/wp\/v2\/users\/1"}],"replies":[{"embeddable":true,"href":"https:\/\/boso.estaciondiseno.es\/index.php\/wp-json\/wp\/v2\/comments?post=306"}],"version-history":[{"count":10,"href":"https:\/\/boso.estaciondiseno.es\/index.php\/wp-json\/wp\/v2\/pages\/306\/revisions"}],"predecessor-version":[{"id":553,"href":"https:\/\/boso.estaciondiseno.es\/index.php\/wp-json\/wp\/v2\/pages\/306\/revisions\/553"}],"wp:attachment":[{"href":"https:\/\/boso.estaciondiseno.es\/index.php\/wp-json\/wp\/v2\/media?parent=306"}],"curies":[{"name":"wp","href":"https:\/\/api.w.org\/{rel}","templated":true}]}}